{"id":1320,"date":"2021-03-18T18:04:03","date_gmt":"2021-03-18T18:04:03","guid":{"rendered":"https:\/\/gpcg.pt\/icgi2021\/?page_id=1320"},"modified":"2023-02-10T14:56:01","modified_gmt":"2023-02-10T14:56:01","slug":"committees","status":"publish","type":"page","link":"https:\/\/gpcg.pt\/icgi2022\/committees\/","title":{"rendered":"Committees"},"content":{"rendered":"\n<div class=\"wp-block-columns is-layout-flex wp-container-core-columns-is-layout-9d6595d7 wp-block-columns-is-layout-flex\">\n<div class=\"wp-block-column is-layout-flow wp-block-column-is-layout-flow\">\n<h3 class=\"wp-block-heading\" id=\"conference-chairs\">Conference Chairs<\/h3>\n\n\n\n<p><strong>Paulo Dias<\/strong> (UA, deti)<br><strong>Joaquim Madeira <\/strong>(UA, deti)<br><strong><strong>Nelson Zagalo<\/strong> <\/strong>(UA, deca)<strong>  <\/strong><br><strong>M\u00e1rio Vairinhos<\/strong> (UA, deca)      <\/p>\n\n\n\n<p>Advisor: <strong>Rui Rodrigues <\/strong>(FEUP, INESC TEC)<br><\/p>\n\n\n\n<h3 class=\"wp-block-heading\" id=\"program-chairs\">Program Chairs<\/h3>\n\n\n\n<p><strong><strong><strong><strong><strong>Lu\u00eds Magalh\u00e3es<\/strong> <\/strong><\/strong><\/strong><\/strong>(UM, algoritmi)<strong><strong><strong><strong><br><strong>Paula Alexandra Silva <\/strong><\/strong><\/strong><\/strong><\/strong>(UC, dei)<strong> <\/strong><br><\/p>\n<\/div>\n\n\n\n<div class=\"wp-block-column is-layout-flow wp-block-column-is-layout-flow\">\n<h3 class=\"wp-block-heading\" id=\"web-chairs\">Web Chairs<\/h3>\n\n\n\n<p><strong>Bernardo Marques<\/strong> (UA, DigiMedia\/IEETA)<br><strong>Pedro Reisinho<\/strong> (UA, deca)<br><br><\/p>\n<\/div>\n<\/div>\n\n\n\n<h3 class=\"wp-block-heading\" id=\"scientific-committee\">Scientific Committee<\/h3>\n\n\n\n<p><strong>A. Augusto Sousa<\/strong> (University of Porto)<br><strong>Abel Gomes<\/strong> (University of Beira Interior, Department of Computer Science and Engineering)<br><strong>Ad\u00e9rito Fernandes-Marcos<\/strong> (University of Saint Joseph, Macao)<br><strong>Alan Chalmers <\/strong>(TheUniversity of Warwick)<br><strong>Alexandrino Gon\u00e7alves<\/strong> (ESTG Leiria)<br><strong>Alfredo Ferreira<\/strong> (IST\/INESC-ID\/ULisboa)<br><strong>Ana Cl\u00e1udio<\/strong> (LASIGE, Faculdade de Ci\u00eancias, Universidade de Lisboa)<br><strong>Ana Paula Afonso<\/strong> (LASIGE, Faculdade de Ci\u00eancias, Universidade de Lisboa)<br><strong>Anabela Marto<\/strong> (CIIC, ESTG, Polytechnic of Leiria)<br><strong>Andr\u00e9 Rangel<\/strong> (CITAR-UCP-FBAUP)<br><strong>Andrea Giachetti<\/strong> (University of Verona)<br><strong>Ant\u00f3nio Coelho<\/strong> (University of Porto)<br><strong>Ant\u00f3nio Ramires Fernandes <\/strong>(University of Minho)<br><strong>Augusto Esteves<\/strong> (ITI \/ LARSyS, Instituto Superior T\u00e9cnico, University of Lisbon)<br><strong>Beatriz Sousa Santos<\/strong> (University of Aveiro)<br><strong>Bernardo Marques<\/strong> (University of Aveiro)<br><strong>Br\u00edgida M\u00f3nica Faria<\/strong> (Higher School of Health\/Polytechnic of Porto (ESS\/P.Porto))<br><strong>Carlo Harvey<\/strong> (Birmingham City University)<br><strong>Daniel Gon\u00e7alves<\/strong> ( INESC-ID)<br><strong>Daniel Mendes <\/strong>(INESC TEC, FEUP)<br><strong>David Narciso<\/strong> (INESC TEC)<br><strong>David Lamas<\/strong> (Tallinn University)<br><strong>Diogo Cabral<\/strong> (ITI\/LARSyS, IST, University of Lisbon)<br><strong>Duarte Duque<\/strong> (2Ai, Polytechnic Institute of Cavado and Ave)<br><strong>Fernando Birra<\/strong> (Universidade NOVA de Lisboa)<br><strong>Frutuoso Silva <\/strong>(University of Beira Interior)<br><strong>Guilherme Gon\u00e7alves<\/strong> (INESC TEC)<br><strong>Hugo Coelho<\/strong> (University of Tr\u00e1s-os-Montes e Alto Douro)<br><strong>Jo\u00e3o Brisson<\/strong> (Universidade de Lisboa)<br><strong>Jo\u00e3o Jacob<\/strong> (University of Porto)<br><strong>Jo\u00e3o Madeiras Pereira<\/strong> (IST\/INESC-ID)<br><strong>Jo\u00e3o Moreira<\/strong> (Universidade de Lisboa)<br><strong>Joaquim Madeira<\/strong> (University of Aveiro)<br><strong>Jos\u00e9 Braz Pereira <\/strong>(EST Set\u00fabal \/ IPS)<br><strong>Jos\u00e9 Creissac Campos <\/strong>(University of Minho &amp; HASLab\/INESC TEC)<br><strong>Jos\u00e9 Lu\u00eds Silva <\/strong>(ISCTE-IUL, University of Madeira \/ Madeira-ITI)<br><strong>Kadi Bouatouch <\/strong>(IRISA)<br><strong>Leonel Morgado<\/strong> (INESC TEC \/ Universidade Aberta)<br><strong>Lidia Ortega<\/strong> (University of Ja\u00e9n)<br><strong>Luis Santos<\/strong> (University of Minho)<br><strong>Luis Romero<\/strong> (Instituto Polit\u00e9cnico de Viana do Castelo)<br><strong>Luis Gonzaga Magalhaes<\/strong> (University of Minho)<br><strong>Manuel J. Fonseca<\/strong> (Universidade de Lisboa)<br><strong>Maria Beatriz Carmo<\/strong> (Universidade de Lisboa)<br><strong>M\u00e1rio Vairinhos<\/strong> (UA, deca) <br><strong>Mauricio Sousa<\/strong> (University of Toronto)<br><strong>Miguel Melo<\/strong> (Universidade de Tr\u00e1s-os-Montes e Alto Douro)<br><strong>Miguel Sales Dias<\/strong> (ISCTE)<br><strong>Miguel Carvalhais<\/strong> (INESC TEC \/ Faculdade de Belas Artes, Universidade do Porto)<br><strong>Miguel Angel Guevara Lopez<\/strong> (EST Set\u00fabal \/ IPS)<br><strong>Nelson Zagalo<\/strong> (University of Aveiro)<br><strong>Nuno Rodrigues<\/strong> (ESTG-Polit\u00e9cnico de Leiria)<br><strong>\u00d3scar Mealha<\/strong> (University of Aveiro)<br><strong>Paula Alexandra Silva<\/strong> (University of Coimbra)<br><strong>Paulo Dias<\/strong> (University of Aveiro)<br><strong>Pedro Amado<\/strong> (Fine Arts Faculty, University of Porto)<br><strong>Pedro Miguel Moreira<\/strong> ( ESTG &#8211; IPVC &amp; LIACC)<br><strong>Ricardo Marques<\/strong> (Universitat de Barcelona)<br><strong>Roberto Lam<\/strong> (ISE &#8211; Universidade do Algarve)<br><strong>Rui N\u00f3brega<\/strong> (Universidade NOVA de Lisboa)<br><strong>Rui Rodrigues<\/strong> (University of Porto)<br><strong>Samuel Silva<\/strong> (University of Aveiro)<br><strong>Sandra Gama<\/strong> (Instituto Superior de Tecnologias Avan\u00e7adas de Lisboa)<br><strong>Soraia Paulo<\/strong> (IST\/UL\/INESC-ID)<br><strong>T\u00e2nia Rocha<\/strong> (University of Tr\u00e1s-os-Montes and Alto Douro)<br><strong>Telmo Ad\u00e3o<\/strong> (Centro de Computa\u00e7\u00e3o Gr\u00e1fica)<br><strong>Teresa Chambel<\/strong> (Universidade de Lisboa)<br><strong>Teresa Rom\u00e3o<\/strong> (Faculdade de Ci\u00eancias e Tecnologia\/Universidade NOVA de Lisboa (FCT\/UNL))<br><strong>Thomas Bashford-Rogers<\/strong> (The University of Warwick)<br><strong>Tom\u00e1s Alves<\/strong> (Universidade de Lisboa)<br><strong>V\u00edtor S\u00e1<\/strong> (Universidade Cat\u00f3lica Portuguesa)<\/p>\n\n\n\n<hr class=\"wp-block-separator has-alpha-channel-opacity\"\/>\n\n\n\n<figure class=\"wp-block-image size-large\"><img loading=\"lazy\" decoding=\"async\" width=\"1024\" height=\"32\" src=\"https:\/\/gpcg.pt\/icgi2022\/wp-content\/uploads\/2022\/06\/footerICGI2022v2-1024x32.png\" alt=\"\" class=\"wp-image-2392\" srcset=\"https:\/\/gpcg.pt\/icgi2022\/wp-content\/uploads\/2022\/06\/footerICGI2022v2-1024x32.png 1024w, https:\/\/gpcg.pt\/icgi2022\/wp-content\/uploads\/2022\/06\/footerICGI2022v2-300x9.png 300w, https:\/\/gpcg.pt\/icgi2022\/wp-content\/uploads\/2022\/06\/footerICGI2022v2-768x24.png 768w, https:\/\/gpcg.pt\/icgi2022\/wp-content\/uploads\/2022\/06\/footerICGI2022v2-1536x47.png 1536w, https:\/\/gpcg.pt\/icgi2022\/wp-content\/uploads\/2022\/06\/footerICGI2022v2-2048x63.png 2048w\" sizes=\"auto, (max-width: 1024px) 100vw, 1024px\" \/><\/figure>\n","protected":false},"excerpt":{"rendered":"<p>Conference Chairs Paulo Dias (UA, deti)Joaquim Madeira (UA, deti)Nelson Zagalo (UA, deca) M\u00e1rio Vairinhos (UA, deca) Advisor: Rui Rodrigues (FEUP, INESC TEC) Program Chairs Lu\u00eds Magalh\u00e3es (UM, algoritmi)Paula Alexandra Silva &#8230;<\/p>\n","protected":false},"author":3,"featured_media":0,"parent":0,"menu_order":0,"comment_status":"closed","ping_status":"closed","template":"","meta":{"footnotes":""},"class_list":["post-1320","page","type-page","status-publish","hentry"],"_links":{"self":[{"href":"https:\/\/gpcg.pt\/icgi2022\/wp-json\/wp\/v2\/pages\/1320","targetHints":{"allow":["GET"]}}],"collection":[{"href":"https:\/\/gpcg.pt\/icgi2022\/wp-json\/wp\/v2\/pages"}],"about":[{"href":"https:\/\/gpcg.pt\/icgi2022\/wp-json\/wp\/v2\/types\/page"}],"author":[{"embeddable":true,"href":"https:\/\/gpcg.pt\/icgi2022\/wp-json\/wp\/v2\/users\/3"}],"replies":[{"embeddable":true,"href":"https:\/\/gpcg.pt\/icgi2022\/wp-json\/wp\/v2\/comments?post=1320"}],"version-history":[{"count":19,"href":"https:\/\/gpcg.pt\/icgi2022\/wp-json\/wp\/v2\/pages\/1320\/revisions"}],"predecessor-version":[{"id":2624,"href":"https:\/\/gpcg.pt\/icgi2022\/wp-json\/wp\/v2\/pages\/1320\/revisions\/2624"}],"wp:attachment":[{"href":"https:\/\/gpcg.pt\/icgi2022\/wp-json\/wp\/v2\/media?parent=1320"}],"curies":[{"name":"wp","href":"https:\/\/api.w.org\/{rel}","templated":true}]}}