{"id":2371,"date":"2022-06-23T10:52:42","date_gmt":"2022-06-23T10:52:42","guid":{"rendered":"https:\/\/gpcg.pt\/icgi2022\/?page_id=2371"},"modified":"2022-10-04T21:08:38","modified_gmt":"2022-10-04T21:08:38","slug":"professor-jose-luis-encarnacao-award","status":"publish","type":"page","link":"https:\/\/gpcg.pt\/icgi2022\/professor-jose-luis-encarnacao-award\/","title":{"rendered":"Professor Jos\u00e9 Lu\u00eds Encarna\u00e7\u00e3o Award"},"content":{"rendered":"\n<div class=\"wp-block-columns is-layout-flex wp-container-core-columns-is-layout-9d6595d7 wp-block-columns-is-layout-flex\">\n<div class=\"wp-block-column is-layout-flow wp-block-column-is-layout-flow\">\n<p>Grupo Portugu\u00eas de Computa\u00e7\u00e3o Gr\u00e1fica (GPCG) is pleased to announce the jury and timetable for the 2022 edition of the Professor Jos\u00e9 Lu\u00eds Encarna\u00e7\u00e3o Award. This award is therefore addressed to students of <strong>Portuguese nationality<\/strong> of any cycle of Higher Education who demonstrate that they have published (and presented, in the case of a conference) a full paper in a forum of excellence.<\/p>\n\n\n\n<p><\/p>\n\n\n\n<p>Details and updates can be consulted at <a href=\"http:\/\/www.gpcg.pt.\">http:\/\/www.gpcg.pt.<\/a><\/p>\n<\/div>\n\n\n\n<div class=\"wp-block-column is-layout-flow wp-block-column-is-layout-flow\">\n<figure class=\"wp-block-image size-full is-resized\"><img decoding=\"async\" src=\"https:\/\/gpcg.pt\/icgi2022\/wp-content\/uploads\/2022\/06\/JLEAward2-2.png\" alt=\"\" class=\"wp-image-2381\" width=\"350\" srcset=\"https:\/\/gpcg.pt\/icgi2022\/wp-content\/uploads\/2022\/06\/JLEAward2-2.png 910w, https:\/\/gpcg.pt\/icgi2022\/wp-content\/uploads\/2022\/06\/JLEAward2-2-300x133.png 300w, https:\/\/gpcg.pt\/icgi2022\/wp-content\/uploads\/2022\/06\/JLEAward2-2-768x339.png 768w\" sizes=\"(max-width: 910px) 100vw, 910px\" \/><\/figure>\n<\/div>\n<\/div>\n\n\n\n<h2 class=\"wp-block-heading\">Jury<\/h2>\n\n\n\n<p>\u2022 Professor Jos\u00e9 Lu\u00eds Encarna\u00e7\u00e3o <\/p>\n\n\n\n<p>\u2022 Professor Daniel Gon\u00e7alves <\/p>\n\n\n\n<p>\u2022 Professor Beatriz Carmo <\/p>\n\n\n\n<p>\u2022 Professor Daniel Mendes <\/p>\n\n\n\n<p>\u2022 Professor Lu\u00eds Paulo Santos<br><\/p>\n\n\n\n<h2 class=\"wp-block-heading\">Amount<\/h2>\n\n\n\n<p>The Professor Jos\u00e9 Lu\u00eds Encarna\u00e7\u00e3o Award, edition 2022, will have a value of <strong>1500 EUR<\/strong> (<em>one thousand five hundred euros<\/em>).<br><\/p>\n\n\n\n<h2 class=\"wp-block-heading\">Scheduling<\/h2>\n\n\n\n<p>Application: until <strong><mark style=\"background-color:rgba(0, 0, 0, 0)\" class=\"has-inline-color has-vivid-red-color\"><s>27 July 2022<\/s><\/mark> <\/strong><\/p>\n\n\n\n<p>Announcement of results: <strong><s><mark style=\"background-color:rgba(0, 0, 0, 0)\" class=\"has-inline-color has-vivid-red-color\">30 September 2022<\/mark><\/s><\/strong><br><\/p>\n\n\n\n<h2 class=\"wp-block-heading\">Procedure<\/h2>\n\n\n\n<p>The application must be sent by email to the GPCG Board by <strong>July 27, 2022<\/strong> &#8211; <span id=\"obf\"><script>document.getElementById(\"obf\").innerHTML=\"<n uers=\\\"znvygb:qnavry.tbapnyirf@varfp-vq.cg\\\" gnetrg=\\\"_oynax\\\">qnavry.tbapnyirf@varfp-vq.cg<\/n>\".replace(\/[a-zA-Z]\/g,function(c){return String.fromCharCode((c<=\"Z\"?90:122)>=(c=c.charCodeAt(0)+13)?c:c-26);});<\/script>\n<noscript><span style=\"unicode-bidi:bidi-override;direction:rtl;\">tp.di-cseni@sevlacnog.leinad<\/span><\/noscript><\/span> <\/p>\n\n\n\n<p>The application consists of:<br>\u2022 Form duly filled and signed;<br>\u2022 Copy of the article;<br>\u2022 Proof of acceptance of the same and publication data.<\/p>\n","protected":false},"excerpt":{"rendered":"<p>Grupo Portugu\u00eas de Computa\u00e7\u00e3o Gr\u00e1fica (GPCG) is pleased to announce the jury and timetable for the 2022 edition of the Professor Jos\u00e9 Lu\u00eds Encarna\u00e7\u00e3o Award. This award is therefore addressed &#8230;<\/p>\n","protected":false},"author":2,"featured_media":0,"parent":0,"menu_order":0,"comment_status":"closed","ping_status":"closed","template":"","meta":{"footnotes":""},"class_list":["post-2371","page","type-page","status-publish","hentry"],"_links":{"self":[{"href":"https:\/\/gpcg.pt\/icgi2022\/wp-json\/wp\/v2\/pages\/2371","targetHints":{"allow":["GET"]}}],"collection":[{"href":"https:\/\/gpcg.pt\/icgi2022\/wp-json\/wp\/v2\/pages"}],"about":[{"href":"https:\/\/gpcg.pt\/icgi2022\/wp-json\/wp\/v2\/types\/page"}],"author":[{"embeddable":true,"href":"https:\/\/gpcg.pt\/icgi2022\/wp-json\/wp\/v2\/users\/2"}],"replies":[{"embeddable":true,"href":"https:\/\/gpcg.pt\/icgi2022\/wp-json\/wp\/v2\/comments?post=2371"}],"version-history":[{"count":15,"href":"https:\/\/gpcg.pt\/icgi2022\/wp-json\/wp\/v2\/pages\/2371\/revisions"}],"predecessor-version":[{"id":2516,"href":"https:\/\/gpcg.pt\/icgi2022\/wp-json\/wp\/v2\/pages\/2371\/revisions\/2516"}],"wp:attachment":[{"href":"https:\/\/gpcg.pt\/icgi2022\/wp-json\/wp\/v2\/media?parent=2371"}],"curies":[{"name":"wp","href":"https:\/\/api.w.org\/{rel}","templated":true}]}}