{"id":10,"date":"2017-04-08T11:15:25","date_gmt":"2017-04-08T11:15:25","guid":{"rendered":"http:\/\/gpcg.pt\/website\/?page_id=10"},"modified":"2026-04-17T17:50:04","modified_gmt":"2026-04-17T17:50:04","slug":"membros","status":"publish","type":"page","link":"https:\/\/gpcg.pt\/website\/membros\/","title":{"rendered":"Membros"},"content":{"rendered":"<p><\/p>\n<h2><\/h2>\n<p>O Grupo Portugu\u00eas de Computa\u00e7\u00e3o Gr\u00e1fica e Intera\u00e7\u00e3o est\u00e1 associado \u00e0 Eurographics (European Association for Computer Graphics) e, ao se tornar membro do Grupo Portugu\u00eas de Computa\u00e7\u00e3o Gr\u00e1fica, tornar-se \u00e0 tamb\u00e9m membro da Eurographics. Entre outros benef\u00edcios, destacam-se os seguintes:<\/p>\n<p>&#8211; Acesso \u00e0 biblioteca digital Eurographics<br \/>\n&#8211; Pre\u00e7os especiais nas taxas de confer\u00eancia<br \/>\n&#8211; Participa\u00e7\u00e3o gratuita em workshops promovidos pelo grupo<br \/>\n&#8211; Promo\u00e7\u00e3o do seu trabalho<br \/>\n<!--\n&nbsp;\n\n\n<table border=\"0\" width=\"100%\">\n\n\n<tbody>\n\n\n<tr>\n\n\n<td width=\"60%\">Abel Jo\u00e3o Padr\u00e3o Gomes<\/td>\n\n\n\n\n<td>UBI<\/td>\n\n\n<\/tr>\n\n\n\n\n<tr>\n\n\n<td>Ad\u00e9rito Fernandes Marcos<\/td>\n\n\n\n\n<td>UAberta<\/td>\n\n\n<\/tr>\n\n\n\n\n<tr>\n\n\n<td>Alexandrino Gon\u00e7alves<\/td>\n\n\n\n\n<td>IPL<\/td>\n\n\n<\/tr>\n\n\n\n\n<tr>\n\n\n<td>Alfredo Ferreira<\/td>\n\n\n\n\n<td>IST<\/td>\n\n\n<\/tr>\n\n\n\n\n<tr>\n\n\n<td>Ana Paula Cl\u00e1udio<\/td>\n\n\n\n\n<td>FC\/UL<\/td>\n\n\n<\/tr>\n\n\n\n\n<tr>\n\n\n<td>Ant\u00f3nio Augusto de Sousa<\/td>\n\n\n\n\n<td>FE\/UP<\/td>\n\n\n<\/tr>\n\n\n\n\n<tr>\n\n\n<td>Ant\u00f3nio Coelho<\/td>\n\n\n\n\n<td>FE\/UP<\/td>\n\n\n<\/tr>\n\n\n\n\n<tr>\n\n\n<td>Ant\u00f3nio Ramires Fernandes<\/td>\n\n\n\n\n<td>UM<\/td>\n\n\n<\/tr>\n\n\n\n\n<tr>\n\n\n<td>Beatriz A. Sousa Santos<\/td>\n\n\n\n\n<td>UA<\/td>\n\n\n<\/tr>\n\n\n\n\n<tr>\n\n\n<td>Frutuoso Silva<\/td>\n\n\n\n\n<td>UBI<\/td>\n\n\n<\/tr>\n\n\n\n\n<tr>\n\n\n<td>Joaquim Armando Pires Jorge<\/td>\n\n\n\n\n<td>IST<\/td>\n\n\n<\/tr>\n\n\n\n\n<tr>\n\n\n<td>Joaquim Silvestre Madeira<\/td>\n\n\n\n\n<td>UA<\/td>\n\n\n<\/tr>\n\n\n\n\n<tr>\n\n\n<td>Jo\u00e3o Cunha<\/td>\n\n\n\n\n<td>UL<\/td>\n\n\n<\/tr>\n\n\n\n\n<tr>\n\n\n<td>Jos\u00e9 Pereira<\/td>\n\n\n\n\n<td>IPSet\u00fabal<\/td>\n\n\n<\/tr>\n\n\n\n\n<tr>\n\n\n<td>Luis Gonzaga Mendes Magalh\u00e3es<\/td>\n\n\n\n\n<td>UTAD<\/td>\n\n\n<\/tr>\n\n\n\n\n<tr>\n\n\n<td>Luis Paulo Santos<\/td>\n\n\n\n\n<td>UM<\/td>\n\n\n<\/tr>\n\n\n\n\n<tr>\n\n\n<td>Luis Romero<\/td>\n\n\n\n\n<td>IPVC<\/td>\n\n\n<\/tr>\n\n\n\n\n<tr>\n\n\n<td>Manuel Jo\u00e3o Pr\u00f3spero<\/td>\n\n\n\n\n<td>UNL<\/td>\n\n\n<\/tr>\n\n\n\n\n<tr>\n\n\n<td>Maria Beatriz Carmo<\/td>\n\n\n\n\n<td>FCUL<\/td>\n\n\n<\/tr>\n\n\n\n\n<tr>\n\n\n<td>M\u00e1rio Rui Gomes<\/td>\n\n\n\n\n<td>IST<\/td>\n\n\n<\/tr>\n\n\n\n\n<tr>\n\n\n<td>Mauro Figueiredo<\/td>\n\n\n\n\n<td>UAlg<\/td>\n\n\n<\/tr>\n\n\n\n\n<tr>\n\n\n<td>Maximino Bessa<\/td>\n\n\n\n\n<td>UTAD<\/td>\n\n\n<\/tr>\n\n\n\n\n<tr>\n\n\n<td>Miguel Melo<\/td>\n\n\n\n\n<td>INESC TEC<\/td>\n\n\n<\/tr>\n\n\n\n\n<tr>\n\n\n<td>Nuno Rodrigues<\/td>\n\n\n\n\n<td>IPL<\/td>\n\n\n<\/tr>\n\n\n\n\n<tr>\n\n\n<td>Jos\u00e9 Miguel Sales Dias<\/td>\n\n\n\n\n<td>Microsoft<\/td>\n\n\n<\/tr>\n\n\n\n\n<tr>\n\n\n<td>Miguel Leit\u00e3o<\/td>\n\n\n\n\n<td>ISEP<\/td>\n\n\n<\/tr>\n\n\n\n\n<tr>\n\n\n<td>\u00d3scar Mealha<\/td>\n\n\n\n\n<td>UA<\/td>\n\n\n<\/tr>\n\n\n\n\n<tr>\n\n\n<td>Orlando Pereira<\/td>\n\n\n\n\n<td>UBI<\/td>\n\n\n<\/tr>\n\n\n\n\n<tr>\n\n\n<td>Paula Alexandra Silva<\/td>\n\n\n\n\n<td>UMA<\/td>\n\n\n<\/tr>\n\n\n\n\n<tr>\n\n\n<td>Paulo Bernardes<\/td>\n\n\n\n\n<td>UM<\/td>\n\n\n<\/tr>\n\n\n\n\n<tr>\n\n\n<td>Paulo Dias<\/td>\n\n\n\n\n<td>UA<\/td>\n\n\n<\/tr>\n\n\n\n\n<tr>\n\n\n<td>Pedro Moreira<\/td>\n\n\n\n\n<td>IPVC<\/td>\n\n\n<\/tr>\n\n\n\n\n<tr>\n\n\n<td>Roberto Lam<\/td>\n\n\n\n\n<td>UAlg<\/td>\n\n\n<\/tr>\n\n\n\n\n<tr>\n\n\n<td>Rui Rodrigues<\/td>\n\n\n\n\n<td>FEUP<\/td>\n\n\n<\/tr>\n\n\n\n\n<tr>\n\n\n<td>Teresa Rom\u00e3o<\/td>\n\n\n\n\n<td>UNL<\/td>\n\n\n<\/tr>\n\n\n\n\n<tr>\n\n\n<td>Vitor J. Sa<\/td>\n\n\n\n\n<td>Cat\u00f3lica-Braga<\/td>\n\n\n<\/tr>\n\n\n\n\n<tr>\n\n\n<td>Waldir Pimenta<\/td>\n\n\n\n\n<td>UMinho<\/td>\n\n\n<\/tr>\n\n\n<\/tbody>\n\n\n<\/table>\n\n\n--><\/p>\n<p>A associa\u00e7\u00e3o ao Grupo\/Eurographics tem um custo associado de 80\u20ac\/ano (35\u20ac\/ano caso seja estudante). Caso esteja interessado em saber mais e\/ou tornar-se membro, pode faz\u00ea-lo \u00a0<a href=\"https:\/\/services.eg.org\/EG\">aqui<\/a>.<\/p>\n<p><\/p>","protected":false},"excerpt":{"rendered":"<p>O Grupo Portugu\u00eas de Computa\u00e7\u00e3o Gr\u00e1fica e Intera\u00e7\u00e3o est\u00e1 associado \u00e0 Eurographics (European Association for Computer Graphics) e, ao se<\/p>\n","protected":false},"author":3,"featured_media":0,"parent":0,"menu_order":0,"comment_status":"closed","ping_status":"closed","template":"","meta":[],"_links":{"self":[{"href":"https:\/\/gpcg.pt\/website\/wp-json\/wp\/v2\/pages\/10"}],"collection":[{"href":"https:\/\/gpcg.pt\/website\/wp-json\/wp\/v2\/pages"}],"about":[{"href":"https:\/\/gpcg.pt\/website\/wp-json\/wp\/v2\/types\/page"}],"author":[{"embeddable":true,"href":"https:\/\/gpcg.pt\/website\/wp-json\/wp\/v2\/users\/3"}],"replies":[{"embeddable":true,"href":"https:\/\/gpcg.pt\/website\/wp-json\/wp\/v2\/comments?post=10"}],"version-history":[{"count":16,"href":"https:\/\/gpcg.pt\/website\/wp-json\/wp\/v2\/pages\/10\/revisions"}],"predecessor-version":[{"id":717,"href":"https:\/\/gpcg.pt\/website\/wp-json\/wp\/v2\/pages\/10\/revisions\/717"}],"wp:attachment":[{"href":"https:\/\/gpcg.pt\/website\/wp-json\/wp\/v2\/media?parent=10"}],"curies":[{"name":"wp","href":"https:\/\/api.w.org\/{rel}","templated":true}]}}