{"id":42,"date":"2017-04-11T10:21:54","date_gmt":"2017-04-11T10:21:54","guid":{"rendered":"http:\/\/gpcg.pt\/website\/?page_id=42"},"modified":"2019-08-01T10:09:26","modified_gmt":"2019-08-01T10:09:26","slug":"edital","status":"publish","type":"page","link":"https:\/\/gpcg.pt\/website\/edital\/","title":{"rendered":"Edital"},"content":{"rendered":"<p>O edital referente \u00e0 edi\u00e7\u00e3o do Pr\u00e9mio Encarna\u00e7\u00e3o de 2019 pode ser consultado <a href=\"https:\/\/gpcg.pt\/website\/wp-content\/uploads\/2019\/08\/PremioJLE_Edital_2019.pdf\">aqui<\/a>.<\/p>","protected":false},"excerpt":{"rendered":"<p>O edital referente \u00e0 edi\u00e7\u00e3o do Pr\u00e9mio Encarna\u00e7\u00e3o de 2019 pode ser consultado aqui.<\/p>\n","protected":false},"author":1,"featured_media":0,"parent":0,"menu_order":0,"comment_status":"closed","ping_status":"closed","template":"","meta":[],"_links":{"self":[{"href":"https:\/\/gpcg.pt\/website\/wp-json\/wp\/v2\/pages\/42"}],"collection":[{"href":"https:\/\/gpcg.pt\/website\/wp-json\/wp\/v2\/pages"}],"about":[{"href":"https:\/\/gpcg.pt\/website\/wp-json\/wp\/v2\/types\/page"}],"author":[{"embeddable":true,"href":"https:\/\/gpcg.pt\/website\/wp-json\/wp\/v2\/users\/1"}],"replies":[{"embeddable":true,"href":"https:\/\/gpcg.pt\/website\/wp-json\/wp\/v2\/comments?post=42"}],"version-history":[{"count":8,"href":"https:\/\/gpcg.pt\/website\/wp-json\/wp\/v2\/pages\/42\/revisions"}],"predecessor-version":[{"id":294,"href":"https:\/\/gpcg.pt\/website\/wp-json\/wp\/v2\/pages\/42\/revisions\/294"}],"wp:attachment":[{"href":"https:\/\/gpcg.pt\/website\/wp-json\/wp\/v2\/media?parent=42"}],"curies":[{"name":"wp","href":"https:\/\/api.w.org\/{rel}","templated":true}]}}

<p>O edital referente à edição do Prémio Encarnação de 2019 pode ser consultado <a href="https://gpcg.pt/website/wp-content/uploads/2019/08/PremioJLE_Edital_2019.pdf">aqui</a>.</p>

<p>O edital referente à edição do Prémio Encarnação de 2019 pode ser consultado aqui.</p>
